{"id":13,"date":"2025-02-24T03:02:39","date_gmt":"2025-02-24T02:02:39","guid":{"rendered":"https:\/\/onkup.cz\/pizzeria-uno-kaso\/?page_id=13"},"modified":"2025-05-04T23:10:42","modified_gmt":"2025-05-04T21:10:42","slug":"pizzeria-uno-kaso","status":"publish","type":"page","link":"https:\/\/onkup.cz\/pizzeria-uno-kaso\/","title":{"rendered":"Pizza &#8211; n\u00e1poje &#8211; rozv\u00e1\u017eka"},"content":{"rendered":"<div class=\"su-row\"><div class=\"su-column su-column-size-2-3\"><div class=\"su-column-inner su-u-clearfix su-u-trim\">\n<div class=\"su-quote su-quote-style-default\"><div class=\"su-quote-inner su-u-clearfix su-u-trim\">Pizzeria Uno Kaso se nach\u00e1z\u00ed pobl\u00ed\u017e centra kr\u00e1lovsk\u00e9ho m\u011bsta P\u00edsek a tak\u00e9 nadohled od nejstar\u0161\u00edho kamenn\u00e9ho mostu ve st\u0159edn\u00ed Evrop\u011b. Nab\u00edz\u00ed \u0161irok\u00fd sortiment skv\u011bl\u00fdch pizz i n\u00e1poj\u016f. Pizzu \u00f8 35cm a velkou rodinnou Family (\u00f8 50 cm) si m\u016f\u017eete nechat dov\u00e9zt i p\u0159\u00edmo dom\u016f.<\/div><\/div><\/div><\/div>\n<div class=\"su-column su-column-size-1-3\"><div class=\"su-column-inner su-u-clearfix su-u-trim\">\n<p style=\"text-align: center;\"><a href=\"#adresa\" class=\"su-button su-button-style-default\" style=\"color:#2085d1;background-color:#000000;border-color:#000000;border-radius:6px\" target=\"_self\"><span style=\"color:#2085d1;padding:6px 18px;font-size:14px;line-height:21px;border-color:#4d4d4d;border-radius:6px;text-shadow:none\"><i class=\"sui sui-eye\" style=\"font-size:14px;color:#dd3333\"><\/i> Kde n\u00e1s najdete<\/span><\/a>\n<p style=\"text-align: center;\"><div class=\"su-spacer\" style=\"height:10px\"><\/div>\n<p style=\"text-align: center;\"><a href=\"#rozvoz\" class=\"su-button su-button-style-default\" style=\"color:#2085d1;background-color:#000000;border-color:#000000;border-radius:6px\" target=\"_self\"><span style=\"color:#2085d1;padding:6px 18px;font-size:14px;line-height:21px;border-color:#4d4d4d;border-radius:6px;text-shadow:none\"><i class=\"sui sui-truck\" style=\"font-size:14px;color:#dd3333\"><\/i> Rozvoz po P\u00edsku<\/span><\/a>\n<\/div><\/div><\/div>\n<h2 id=\"nabidka\" style=\"text-align: center;\"><span style=\"color: #dd3333;\">Nab\u00eddka<\/span><\/h2>\n<div class=\"su-row\">\n<div class=\"su-column su-column-size-1-2\"><div class=\"su-column-inner su-u-clearfix su-u-trim\">\n<div class=\"su-service\"><div class=\"su-service-title\" style=\"padding-left:94px;min-height:80px;line-height:80px\"><img decoding=\"async\" data-src=\"https:\/\/onkup.cz\/pizzeria-uno-kaso\/wp-content\/uploads\/sites\/2\/2025\/02\/Prosciutto-funghi.jpg\" width=\"80\" height=\"80\" alt=\"Prosciutto funghi&lt;br \/&gt;\n\u00f8 35cm \/ Family\" style=\"--smush-placeholder-width: 80px; --smush-placeholder-aspect-ratio: 80\/80;width:80px;height:80px\" src=\"data:image\/gif;base64,R0lGODlhAQABAAAAACH5BAEKAAEALAAAAAABAAEAAAICTAEAOw==\" class=\"lazyload\" \/> Prosciutto funghi<br \/>\n\u00f8 35cm \/ Family<\/div><div class=\"su-service-content su-u-clearfix su-u-trim\" style=\"padding-left:94px\">raj\u010datov\u00fd protlak, mozzarella, s\u00fdr, \u0161unka, \u017eampion<\/div><\/div><\/div><\/div>\n<div class=\"su-column su-column-size-1-2\"><div class=\"su-column-inner su-u-clearfix su-u-trim\">\n<div class=\"su-service\"><div class=\"su-service-title\" style=\"padding-left:94px;min-height:80px;line-height:80px\"><img decoding=\"async\" data-src=\"https:\/\/onkup.cz\/pizzeria-uno-kaso\/wp-content\/uploads\/sites\/2\/2025\/03\/Quattro-formaggi.jpg\" width=\"80\" height=\"80\" alt=\"Quattro formagg&lt;br \/&gt;\n\u00f8 35cm \/ Family\" style=\"--smush-placeholder-width: 80px; --smush-placeholder-aspect-ratio: 80\/80;width:80px;height:80px\" src=\"data:image\/gif;base64,R0lGODlhAQABAAAAACH5BAEKAAEALAAAAAABAAEAAAICTAEAOw==\" class=\"lazyload\" \/> Quattro formagg<br \/>\n\u00f8 35cm \/ Family<\/div><div class=\"su-service-content su-u-clearfix su-u-trim\" style=\"padding-left:94px\">master gourmet, mozzarella, s\u00fdr, niva, uzen\u00fd goldi, camembert<\/div><\/div> <\/div><\/div>\n<\/div>\n<div class=\"su-row\">\n<div class=\"su-column su-column-size-1-2\"><div class=\"su-column-inner su-u-clearfix su-u-trim\">\n<div class=\"su-service\"><div class=\"su-service-title\" style=\"padding-left:94px;min-height:80px;line-height:80px\"><img decoding=\"async\" data-src=\"https:\/\/onkup.cz\/pizzeria-uno-kaso\/wp-content\/uploads\/sites\/2\/2025\/02\/Margherita.jpg\" width=\"80\" height=\"80\" alt=\"Margherita&lt;br \/&gt;\n\u00f8 35cm \/ Family\" style=\"--smush-placeholder-width: 80px; --smush-placeholder-aspect-ratio: 80\/80;width:80px;height:80px\" src=\"data:image\/gif;base64,R0lGODlhAQABAAAAACH5BAEKAAEALAAAAAABAAEAAAICTAEAOw==\" class=\"lazyload\" \/> Margherita<br \/>\n\u00f8 35cm \/ Family<\/div><div class=\"su-service-content su-u-clearfix su-u-trim\" style=\"padding-left:94px\">raj\u010datov\u00fd protlak, s\u00fdr, parmez\u00e1n, oregano<\/div><\/div><\/div><\/div>\n<div class=\"su-column su-column-size-1-2\"><div class=\"su-column-inner su-u-clearfix su-u-trim\">\n<div class=\"su-service\"><div class=\"su-service-title\" style=\"padding-left:94px;min-height:80px;line-height:80px\"><img decoding=\"async\" data-src=\"https:\/\/onkup.cz\/pizzeria-uno-kaso\/wp-content\/uploads\/sites\/2\/2025\/02\/La-scala.jpg\" width=\"80\" height=\"80\" alt=\"La-Scala&lt;br \/&gt;\n\u00f8 35cm \/ Family\" style=\"--smush-placeholder-width: 80px; --smush-placeholder-aspect-ratio: 80\/80;width:80px;height:80px\" src=\"data:image\/gif;base64,R0lGODlhAQABAAAAACH5BAEKAAEALAAAAAABAAEAAAICTAEAOw==\" class=\"lazyload\" \/> La-Scala<br \/>\n\u00f8 35cm \/ Family<\/div><div class=\"su-service-content su-u-clearfix su-u-trim\" style=\"padding-left:94px\">master gourmet, mozzarella, s\u00fdr, camembert, k. \u0161unka, brusinkov\u00e1 om\u00e1\u010dka<\/div><\/div> <\/div><\/div>\n<\/div>\n<div class=\"su-row\">\n<div class=\"su-column su-column-size-1-2\"><div class=\"su-column-inner su-u-clearfix su-u-trim\">\n<div class=\"su-service\"><div class=\"su-service-title\" style=\"padding-left:94px;min-height:80px;line-height:80px\"><img decoding=\"async\" data-src=\"https:\/\/onkup.cz\/pizzeria-uno-kaso\/wp-content\/uploads\/sites\/2\/2025\/02\/Al-capone-1.jpg\" width=\"80\" height=\"80\" alt=\"Al capone&lt;br \/&gt;\n\u00f8 35cm \/ Family\" style=\"--smush-placeholder-width: 80px; --smush-placeholder-aspect-ratio: 80\/80;width:80px;height:80px\" src=\"data:image\/gif;base64,R0lGODlhAQABAAAAACH5BAEKAAEALAAAAAABAAEAAAICTAEAOw==\" class=\"lazyload\" \/> Al capone<br \/>\n\u00f8 35cm \/ Family<\/div><div class=\"su-service-content su-u-clearfix su-u-trim\" style=\"padding-left:94px\">raj\u010datov\u00fd protlak, mozzarella, s\u00fdr, \u0161unka, sal\u00e1m, \u017eampiony<\/div><\/div><\/div><\/div>\n<div class=\"su-column su-column-size-1-2\"><div class=\"su-column-inner su-u-clearfix su-u-trim\">\n<div class=\"su-service\"><div class=\"su-service-title\" style=\"padding-left:94px;min-height:80px;line-height:80px\"><img decoding=\"async\" data-src=\"https:\/\/onkup.cz\/pizzeria-uno-kaso\/wp-content\/uploads\/sites\/2\/2025\/02\/Vegetariana.jpg\" width=\"80\" height=\"80\" alt=\"Vegetariana&lt;br \/&gt;\n\u00f8 35cm \/ Family\" style=\"--smush-placeholder-width: 80px; --smush-placeholder-aspect-ratio: 80\/80;width:80px;height:80px\" src=\"data:image\/gif;base64,R0lGODlhAQABAAAAACH5BAEKAAEALAAAAAABAAEAAAICTAEAOw==\" class=\"lazyload\" \/> Vegetariana<br \/>\n\u00f8 35cm \/ Family<\/div><div class=\"su-service-content su-u-clearfix su-u-trim\" style=\"padding-left:94px\">raj\u010datov\u00fd protlak, mozzarella, s\u00fdr, \u017eampiony, \u010derstv\u00e1 paprika, kuku\u0159ice, olivy, \u0161pen\u00e1t<\/div><\/div> <\/div><\/div>\n<\/div>\n<div class=\"su-row\">\n<div class=\"su-column su-column-size-1-2\"><div class=\"su-column-inner su-u-clearfix su-u-trim\">\n<div class=\"su-service\"><div class=\"su-service-title\" style=\"padding-left:94px;min-height:80px;line-height:80px\"><img decoding=\"async\" data-src=\"https:\/\/onkup.cz\/pizzeria-uno-kaso\/wp-content\/uploads\/sites\/2\/2025\/03\/Prima-verde.jpg\" width=\"80\" height=\"80\" alt=\"Prima verde&lt;br \/&gt;\n\u00f8 35cm \/ Family\" style=\"--smush-placeholder-width: 80px; --smush-placeholder-aspect-ratio: 80\/80;width:80px;height:80px\" src=\"data:image\/gif;base64,R0lGODlhAQABAAAAACH5BAEKAAEALAAAAAABAAEAAAICTAEAOw==\" class=\"lazyload\" \/> Prima verde<br \/>\n\u00f8 35cm \/ Family<\/div><div class=\"su-service-content su-u-clearfix su-u-trim\" style=\"padding-left:94px\">master gourmet, mozzarella, s\u00fdr, \u0161unka, \u0161pen\u00e1t, \u010desnek<\/div><\/div><\/div><\/div>\n<div class=\"su-column su-column-size-1-2\"><div class=\"su-column-inner su-u-clearfix su-u-trim\">\n<div class=\"su-service\"><div class=\"su-service-title\" style=\"padding-left:94px;min-height:80px;line-height:80px\"><img decoding=\"async\" data-src=\"https:\/\/onkup.cz\/pizzeria-uno-kaso\/wp-content\/uploads\/sites\/2\/2025\/03\/Peperony.jpg\" width=\"80\" height=\"80\" alt=\"Peperony&lt;br \/&gt;\n\u00f8 35cm \/ Family\" style=\"--smush-placeholder-width: 80px; --smush-placeholder-aspect-ratio: 80\/80;width:80px;height:80px\" src=\"data:image\/gif;base64,R0lGODlhAQABAAAAACH5BAEKAAEALAAAAAABAAEAAAICTAEAOw==\" class=\"lazyload\" \/> Peperony<br \/>\n\u00f8 35cm \/ Family<\/div><div class=\"su-service-content su-u-clearfix su-u-trim\" style=\"padding-left:94px\">raj\u010datov\u00fd protlak, mozzarella, s\u00fdr, \u0161unka, \u010derstv\u00e1 kr\u00e1jen\u00e1 paprika, \u010desnek, chilli, vejce<\/div><\/div> <\/div><\/div>\n<\/div>\n<div class=\"su-quote su-quote-style-default\"><div class=\"su-quote-inner su-u-clearfix su-u-trim\">&#8230; a mnoho dal\u0161\u00edch. P\u0159ij\u010fte si k n\u00e1m vybrat svou obl\u00edbenou pizzu nebo naj\u00edt n\u011bco nov\u00e9ho. Anebo si pizzu objednejte p\u0159\u00edmo a\u017e k V\u00e1m dom\u016f.<\/div><\/div>\n<h2 id=\"adresa\" style=\"text-align: center;\"><span style=\"color: #dd3333;\">Kde n\u00e1s najdete<\/span><\/h2>\n<div class=\"su-row\"><div class=\"su-column su-column-size-1-3\"><div class=\"su-column-inner su-u-clearfix su-u-trim\">\n<p style=\"text-align: center;\"><strong>Pizzeria Uno Kaso<\/strong><br \/>\nt\u0159. N\u00e1rodn\u00ed svobody 31\/13<br \/>\n397 01 P\u00edsek 1<\/p>\n<p style=\"text-align: center;\">pond\u011bl\u00ed &#8211; p\u00e1tek 10:00 &#8211; 22:00<br \/>\nsobota &#8211; ned\u011ble 11:00 &#8211; 22:00<\/p>\n<p><img decoding=\"async\" class=\"size-medium wp-image-37 aligncenter lazyload\" data-src=\"https:\/\/onkup.cz\/pizzeria-uno-kaso\/wp-content\/uploads\/sites\/2\/2025\/02\/pizzeria_uno_kaso-post.jpg\" alt=\"\" width=\"225\" height=\"300\" src=\"data:image\/gif;base64,R0lGODlhAQABAAAAACH5BAEKAAEALAAAAAABAAEAAAICTAEAOw==\" style=\"--smush-placeholder-width: 225px; --smush-placeholder-aspect-ratio: 225\/300;\" \/><\/p>\n<\/div><\/div>\n<div class=\"su-column su-column-size-2-3\"><div class=\"su-column-inner su-u-clearfix su-u-trim\">\n<div class=\"su-spacer\" style=\"height:20px\"><\/div>\n<p style=\"text-align: center;\"><iframe style=\"border: 0;\" data-src=\"https:\/\/www.google.com\/maps\/embed?pb=!1m18!1m12!1m3!1d3999.663842823078!2d14.140288212534887!3d49.31001736426391!2m3!1f0!2f0!3f0!3m2!1i1024!2i768!4f13.1!3m3!1m2!1s0x470b4f8b3d3e4985%3A0xab9a1f620899056c!2zdMWZLiBOw6Fyb2Ruw60gc3ZvYm9keSAzMS8xMywgMzk3IDAxIFDDrXNlayAxLVByYcW-c2vDqSBQxZllZG3Em3N0w60!5e1!3m2!1scs!2scz!4v1740554604224!5m2!1scs!2scz\" width=\"600\" height=\"450\" allowfullscreen=\"allowfullscreen\" src=\"data:image\/gif;base64,R0lGODlhAQABAAAAACH5BAEKAAEALAAAAAABAAEAAAICTAEAOw==\" class=\"lazyload\" data-load-mode=\"1\"><\/iframe><\/p>\n<\/div><\/div><\/div>\n<h2 id=\"rozvoz\" style=\"text-align: center;\"><span style=\"color: #dd3333;\">Rozv\u00e1\u017eka po P\u00edsku<\/span><\/h2>\n<div class=\"su-row\"><div class=\"su-column su-column-size-1-2\"><div class=\"su-column-inner su-u-clearfix su-u-trim\">\n<p style=\"text-align: center;\"><a href=\"https:\/\/www.foodora.cz\/restaurant\/azqz\/pizzeria-uno-kaso\" class=\"su-button su-button-style-default\" style=\"color:#2085d1;background-color:#000000;border-color:#000000;border-radius:7px\" target=\"__blank\"><span style=\"color:#2085d1;padding:7px 20px;font-size:16px;line-height:24px;border-color:#4d4d4d;border-radius:7px;text-shadow:none\"><i class=\"sui sui-truck\" style=\"font-size:16px;color:#dd3333\"><\/i> Foodora \u2192<\/span><\/a>\n<\/div><\/div>\n<div class=\"su-column su-column-size-1-2\"><div class=\"su-column-inner su-u-clearfix su-u-trim\">\n<p style=\"text-align: center;\"><a href=\"https:\/\/wolt.com\/cs\/cze\/pisek\/restaurant\/pizzeria-uno-kaso\" class=\"su-button su-button-style-default\" style=\"color:#2085d1;background-color:#000000;border-color:#000000;border-radius:7px\" target=\"__blank\"><span style=\"color:#2085d1;padding:7px 20px;font-size:16px;line-height:24px;border-color:#4d4d4d;border-radius:7px;text-shadow:none\"><i class=\"sui sui-truck\" style=\"font-size:16px;color:#dd3333\"><\/i> Wolt \u2192<\/span><\/a>\n<\/div><\/div><\/div>\n<div class=\"su-quote su-quote-style-default\"><div class=\"su-quote-inner su-u-clearfix su-u-trim\">Nebo si objednejte na\u0161i velkou rodinnou Family pizzu (\u00f8 50 cm) p\u0159\u00edmo u n\u00e1s od 11h do 22h a my V\u00e1m ji r\u00e1di p\u0159ivezeme.<\/p>\n<p>Telefon: 723 102 914 <\/div><\/div>\n","protected":false},"excerpt":{"rendered":"<p>Nab\u00eddka Kde n\u00e1s najdete Rozv\u00e1\u017eka po P\u00edsku<\/p>\n","protected":false},"author":1,"featured_media":96,"parent":0,"menu_order":0,"comment_status":"closed","ping_status":"closed","template":"","meta":{"footnotes":""},"class_list":["post-13","page","type-page","status-publish","has-post-thumbnail","hentry"],"aioseo_notices":[],"_links":{"self":[{"href":"https:\/\/onkup.cz\/pizzeria-uno-kaso\/wp-json\/wp\/v2\/pages\/13","targetHints":{"allow":["GET"]}}],"collection":[{"href":"https:\/\/onkup.cz\/pizzeria-uno-kaso\/wp-json\/wp\/v2\/pages"}],"about":[{"href":"https:\/\/onkup.cz\/pizzeria-uno-kaso\/wp-json\/wp\/v2\/types\/page"}],"author":[{"embeddable":true,"href":"https:\/\/onkup.cz\/pizzeria-uno-kaso\/wp-json\/wp\/v2\/users\/1"}],"replies":[{"embeddable":true,"href":"https:\/\/onkup.cz\/pizzeria-uno-kaso\/wp-json\/wp\/v2\/comments?post=13"}],"version-history":[{"count":38,"href":"https:\/\/onkup.cz\/pizzeria-uno-kaso\/wp-json\/wp\/v2\/pages\/13\/revisions"}],"predecessor-version":[{"id":127,"href":"https:\/\/onkup.cz\/pizzeria-uno-kaso\/wp-json\/wp\/v2\/pages\/13\/revisions\/127"}],"wp:featuredmedia":[{"embeddable":true,"href":"https:\/\/onkup.cz\/pizzeria-uno-kaso\/wp-json\/wp\/v2\/media\/96"}],"wp:attachment":[{"href":"https:\/\/onkup.cz\/pizzeria-uno-kaso\/wp-json\/wp\/v2\/media?parent=13"}],"curies":[{"name":"wp","href":"https:\/\/api.w.org\/{rel}","templated":true}]}}